{"id":120,"date":"2021-04-18T19:32:35","date_gmt":"2021-04-18T19:32:35","guid":{"rendered":"https:\/\/plasticattackfrance.org\/?page_id=120"},"modified":"2021-04-25T18:22:39","modified_gmt":"2021-04-25T18:22:39","slug":"on-parle-de-nous","status":"publish","type":"page","link":"https:\/\/plasticattackfrance.org\/?page_id=120","title":{"rendered":"On parle de nous"},"content":{"rendered":"\n<p><strong>Vid\u00e9os&nbsp;:<\/strong><\/p>\n\n\n\n<p><strong>France 2 &#8211; Journal 13h&nbsp;:<\/strong><\/p>\n\n\n\n<figure class=\"wp-block-embed is-type-video is-provider-youtube wp-block-embed-youtube wp-embed-aspect-16-9 wp-has-aspect-ratio\"><div class=\"wp-block-embed__wrapper\">\n<iframe title=\"Le collectif &quot;Plastic Attack&quot;\" width=\"960\" height=\"540\" src=\"https:\/\/www.youtube.com\/embed\/gt5NbtwE5Xo?feature=oembed\" frameborder=\"0\" allow=\"accelerometer; autoplay; clipboard-write; encrypted-media; gyroscope; picture-in-picture\" allowfullscreen><\/iframe>\n<\/div><\/figure>\n\n\n\n<p><strong>France 3 &#8211; Journal 19-20&nbsp;:<\/strong><\/p>\n\n\n\n<figure class=\"wp-block-embed is-type-video is-provider-youtube wp-block-embed-youtube wp-embed-aspect-16-9 wp-has-aspect-ratio\"><div class=\"wp-block-embed__wrapper\">\n<iframe title=\"L&#039;op\u00e9ration &quot;Plastic Attack&quot; fait la chasse au plastique\" width=\"960\" height=\"540\" src=\"https:\/\/www.youtube.com\/embed\/ABquiyo3ZtE?feature=oembed\" frameborder=\"0\" allow=\"accelerometer; autoplay; clipboard-write; encrypted-media; gyroscope; picture-in-picture\" allowfullscreen><\/iframe>\n<\/div><\/figure>\n\n\n\n<p><strong>BFM TV&nbsp;:<\/strong><\/p>\n\n\n\n<figure class=\"wp-block-embed is-type-video is-provider-youtube wp-block-embed-youtube wp-embed-aspect-16-9 wp-has-aspect-ratio\"><div class=\"wp-block-embed__wrapper\">\n<iframe title=\"&quot;Plastic Attack&quot;: l\u2019offensive contre le plastique a d\u00e9but\u00e9 e \u00e0 Paris\" width=\"960\" height=\"540\" src=\"https:\/\/www.youtube.com\/embed\/QwSUWfucu_s?feature=oembed\" frameborder=\"0\" allow=\"accelerometer; autoplay; clipboard-write; encrypted-media; gyroscope; picture-in-picture\" allowfullscreen><\/iframe>\n<\/div><\/figure>\n\n\n\n<p><strong>TV5 Monde&nbsp;\u2013 Journal International :<\/strong><\/p>\n\n\n\n<figure class=\"wp-block-embed is-type-video is-provider-youtube wp-block-embed-youtube wp-embed-aspect-16-9 wp-has-aspect-ratio\"><div class=\"wp-block-embed__wrapper\">\n<iframe title=\"Plastik Attack : un collectif contre le plastique\" width=\"960\" height=\"540\" src=\"https:\/\/www.youtube.com\/embed\/sfkow8WE8js?feature=oembed\" frameborder=\"0\" allow=\"accelerometer; autoplay; clipboard-write; encrypted-media; gyroscope; picture-in-picture\" allowfullscreen><\/iframe>\n<\/div><\/figure>\n\n\n\n<p><strong>Arte \u2013 Xenius&nbsp;:&nbsp;<\/strong><\/p>\n\n\n\n<figure class=\"wp-block-embed is-type-video is-provider-youtube wp-block-embed-youtube wp-embed-aspect-16-9 wp-has-aspect-ratio\"><div class=\"wp-block-embed__wrapper\">\n<iframe title=\"PLASTIC ATTACK - Avec XENIUS (Arte) -\" width=\"960\" height=\"540\" src=\"https:\/\/www.youtube.com\/embed\/nFCXVY1wLSA?feature=oembed\" frameborder=\"0\" allow=\"accelerometer; autoplay; clipboard-write; encrypted-media; gyroscope; picture-in-picture\" allowfullscreen><\/iframe>\n<\/div><\/figure>\n\n\n\n<p><strong>France Occitanie&nbsp;: Journal 19h&nbsp;:<\/strong><\/p>\n\n\n\n<figure class=\"wp-block-embed is-type-video is-provider-youtube wp-block-embed-youtube wp-embed-aspect-16-9 wp-has-aspect-ratio\"><div class=\"wp-block-embed__wrapper\">\n<iframe title=\"&quot;Plastic attack&quot; dans un hypermarch\u00e9 de la p\u00e9riph\u00e9rie de Toulouse\" width=\"960\" height=\"540\" src=\"https:\/\/www.youtube.com\/embed\/2uCEiRJj1L4?feature=oembed\" frameborder=\"0\" allow=\"accelerometer; autoplay; clipboard-write; encrypted-media; gyroscope; picture-in-picture\" allowfullscreen><\/iframe>\n<\/div><\/figure>\n\n\n\n<p><strong>France 3 Hauts-de-France&nbsp;:&nbsp;<\/strong><\/p>\n\n\n\n<figure class=\"wp-block-embed is-type-video is-provider-youtube wp-block-embed-youtube wp-embed-aspect-16-9 wp-has-aspect-ratio\"><div class=\"wp-block-embed__wrapper\">\n<iframe title=\"Marcq-en-Baroeul : des militants \u00e9cologistes m\u00e8nent une action anti-plastique dans un supermarch\u00e9\" width=\"960\" height=\"540\" src=\"https:\/\/www.youtube.com\/embed\/wzwhtF9CLt0?feature=oembed\" frameborder=\"0\" allow=\"accelerometer; autoplay; clipboard-write; encrypted-media; gyroscope; picture-in-picture\" allowfullscreen><\/iframe>\n<\/div><\/figure>\n\n\n\n<p><strong>TV7&nbsp;:<\/strong><\/p>\n\n\n\n<figure class=\"wp-block-embed is-type-video is-provider-youtube wp-block-embed-youtube wp-embed-aspect-16-9 wp-has-aspect-ratio\"><div class=\"wp-block-embed__wrapper\">\n<iframe title=\"SO Invit\u00e9   Plastic attack  stop aux emballages inutiles\" width=\"960\" height=\"540\" src=\"https:\/\/www.youtube.com\/embed\/uSwhKooJVQs?feature=oembed\" frameborder=\"0\" allow=\"accelerometer; autoplay; clipboard-write; encrypted-media; gyroscope; picture-in-picture\" allowfullscreen><\/iframe>\n<\/div><\/figure>\n\n\n\n<p><strong>Articles&nbsp;:<\/strong><\/p>\n\n\n\n<p><strong>Le Monde&nbsp;:&nbsp;<\/strong><\/p>\n\n\n\n<p><a href=\"https:\/\/www.lemonde.fr\/planete\/article\/2018\/06\/01\/contre-l-utilisation-abusive-de-plastique-les-plastic-attacks-arrivent-en-france_5308296_3244.html\">https:\/\/www.lemonde.fr\/planete\/article\/2018\/06\/01\/contre-l-utilisation-abusive-de-plastique-les-plastic-attacks-arrivent-en-france_5308296_3244.html<\/a><\/p>\n\n\n\n<p><strong>Lib\u00e9ration&nbsp;:<\/strong><\/p>\n\n\n\n<p><a href=\"https:\/\/www.liberation.fr\/france\/2018\/05\/17\/une-plastic-attack-pour-lutter-contre-les-emballages-inutiles_1649885\/\">https:\/\/www.liberation.fr\/france\/2018\/05\/17\/une-plastic-attack-pour-lutter-contre-les-emballages-inutiles_1649885\/<\/a><\/p>\n\n\n\n<p><strong>Le Figaro&nbsp;:<\/strong><\/p>\n\n\n\n<p><a href=\"https:\/\/www.lefigaro.fr\/conso\/2018\/06\/02\/20010-20180602ARTFIG00075-la-france-vit-sa-premiere-plastic-attack-contre-le-suremballage.php\">https:\/\/www.lefigaro.fr\/conso\/2018\/06\/02\/20010-20180602ARTFIG00075-la-france-vit-sa-premiere-plastic-attack-contre-le-suremballage.php<\/a><\/p>\n\n\n\n<p><strong>Le Parisien&nbsp;:<\/strong><\/p>\n\n\n\n<p><a href=\"https:\/\/www.leparisien.fr\/societe\/plastic-attack-des-actions-contre-les-emballages-plastiques-dans-les-supermarches-02-06-2018-7749126.php\">https:\/\/www.leparisien.fr\/societe\/plastic-attack-des-actions-contre-les-emballages-plastiques-dans-les-supermarches-02-06-2018-7749126.php<\/a><\/p>\n\n\n\n<p><strong>La Croix&nbsp;:&nbsp;<\/strong><\/p>\n\n\n\n<p><a href=\"https:\/\/www.la-croix.com\/Sciences-et-ethique\/Environnement\/plastic-attack-contre-trop-plein-demballages-2018-06-02-1200943938\">https:\/\/www.la-croix.com\/Sciences-et-ethique\/Environnement\/plastic-attack-contre-trop-plein-demballages-2018-06-02-1200943938<\/a><\/p>\n\n\n\n<p><strong>VSD&nbsp;:<\/strong><\/p>\n\n\n\n<p><a href=\"https:\/\/vsd.fr\/actualite\/24434-plastic-attack-paris-pris-dassaut-par-les-opposants-au-suremballage-video-25615\">https:\/\/vsd.fr\/actualite\/24434-plastic-attack-paris-pris-dassaut-par-les-opposants-au-suremballage-video-25615<\/a><\/p>\n\n\n\n<p><strong>Geo&nbsp;:<\/strong><\/p>\n\n\n\n<p><a href=\"https:\/\/www.geo.fr\/environnement\/une-plastic-attack-contre-le-trop-plein-d-emballages-189198\">https:\/\/www.geo.fr\/environnement\/une-plastic-attack-contre-le-trop-plein-d-emballages-189198<\/a><\/p>\n","protected":false},"excerpt":{"rendered":"<p>Vid\u00e9os&nbsp;: France 2 &#8211; Journal 13h&nbsp;: France 3 &#8211; Journal 19-20&nbsp;: BFM TV&nbsp;: TV5 Monde&nbsp;\u2013 Journal International : Arte \u2013 Xenius&nbsp;:&nbsp; France Occitanie&nbsp;: Journal 19h&nbsp;: France 3 Hauts-de-France&nbsp;:&nbsp; TV7&nbsp;: Articles&nbsp;: Le Monde&nbsp;:&nbsp; https:\/\/www.lemonde.fr\/planete\/article\/2018\/06\/01\/contre-l-utilisation-abusive-de-plastique-les-plastic-attacks-arrivent-en-france_5308296_3244.html Lib\u00e9ration&nbsp;: https:\/\/www.liberation.fr\/france\/2018\/05\/17\/une-plastic-attack-pour-lutter-contre-les-emballages-inutiles_1649885\/ Le Figaro&nbsp;: https:\/\/www.lefigaro.fr\/conso\/2018\/06\/02\/20010-20180602ARTFIG00075-la-france-vit-sa-premiere-plastic-attack-contre-le-suremballage.php Le Parisien&nbsp;: https:\/\/www.leparisien.fr\/societe\/plastic-attack-des-actions-contre-les-emballages-plastiques-dans-les-supermarches-02-06-2018-7749126.php La Croix&nbsp;:&nbsp; https:\/\/www.la-croix.com\/Sciences-et-ethique\/Environnement\/plastic-attack-contre-trop-plein-demballages-2018-06-02-1200943938 VSD&nbsp;: https:\/\/vsd.fr\/actualite\/24434-plastic-attack-paris-pris-dassaut-par-les-opposants-au-suremballage-video-25615 Geo&nbsp;: https:\/\/www.geo.fr\/environnement\/une-plastic-attack-contre-le-trop-plein-d-emballages-189198<\/p>\n","protected":false},"author":1,"featured_media":0,"parent":0,"menu_order":5,"comment_status":"closed","ping_status":"closed","template":"","meta":{"_monsterinsights_skip_tracking":false,"_monsterinsights_sitenote_active":false,"_monsterinsights_sitenote_note":"","_monsterinsights_sitenote_category":0,"footnotes":""},"class_list":["post-120","page","type-page","status-publish","hentry"],"_links":{"self":[{"href":"https:\/\/plasticattackfrance.org\/index.php?rest_route=\/wp\/v2\/pages\/120","targetHints":{"allow":["GET"]}}],"collection":[{"href":"https:\/\/plasticattackfrance.org\/index.php?rest_route=\/wp\/v2\/pages"}],"about":[{"href":"https:\/\/plasticattackfrance.org\/index.php?rest_route=\/wp\/v2\/types\/page"}],"author":[{"embeddable":true,"href":"https:\/\/plasticattackfrance.org\/index.php?rest_route=\/wp\/v2\/users\/1"}],"replies":[{"embeddable":true,"href":"https:\/\/plasticattackfrance.org\/index.php?rest_route=%2Fwp%2Fv2%2Fcomments&post=120"}],"version-history":[{"count":4,"href":"https:\/\/plasticattackfrance.org\/index.php?rest_route=\/wp\/v2\/pages\/120\/revisions"}],"predecessor-version":[{"id":1040,"href":"https:\/\/plasticattackfrance.org\/index.php?rest_route=\/wp\/v2\/pages\/120\/revisions\/1040"}],"wp:attachment":[{"href":"https:\/\/plasticattackfrance.org\/index.php?rest_route=%2Fwp%2Fv2%2Fmedia&parent=120"}],"curies":[{"name":"wp","href":"https:\/\/api.w.org\/{rel}","templated":true}]}}

<p><strong>Vidéos&nbsp;:</strong></p>



<p><strong>France 2 &#8211; Journal 13h&nbsp;:</strong></p>



<figure class="wp-block-embed is-type-video is-provider-youtube wp-block-embed-youtube wp-embed-aspect-16-9 wp-has-aspect-ratio"><div class="wp-block-embed__wrapper">
<iframe title="Le collectif &quot;Plastic Attack&quot;" width="960" height="540" src="https://www.youtube.com/embed/gt5NbtwE5Xo?feature=oembed" frameborder="0" allow="accelerometer; autoplay; clipboard-write; encrypted-media; gyroscope; picture-in-picture" allowfullscreen></iframe>
</div></figure>



<p><strong>France 3 &#8211; Journal 19-20&nbsp;:</strong></p>



<figure class="wp-block-embed is-type-video is-provider-youtube wp-block-embed-youtube wp-embed-aspect-16-9 wp-has-aspect-ratio"><div class="wp-block-embed__wrapper">
<iframe title="L&#039;opération &quot;Plastic Attack&quot; fait la chasse au plastique" width="960" height="540" src="https://www.youtube.com/embed/ABquiyo3ZtE?feature=oembed" frameborder="0" allow="accelerometer; autoplay; clipboard-write; encrypted-media; gyroscope; picture-in-picture" allowfullscreen></iframe>
</div></figure>



<p><strong>BFM TV&nbsp;:</strong></p>



<figure class="wp-block-embed is-type-video is-provider-youtube wp-block-embed-youtube wp-embed-aspect-16-9 wp-has-aspect-ratio"><div class="wp-block-embed__wrapper">
<iframe title="&quot;Plastic Attack&quot;: l’offensive contre le plastique a débuté e à Paris" width="960" height="540" src="https://www.youtube.com/embed/QwSUWfucu_s?feature=oembed" frameborder="0" allow="accelerometer; autoplay; clipboard-write; encrypted-media; gyroscope; picture-in-picture" allowfullscreen></iframe>
</div></figure>



<p><strong>TV5 Monde&nbsp;– Journal International :</strong></p>



<figure class="wp-block-embed is-type-video is-provider-youtube wp-block-embed-youtube wp-embed-aspect-16-9 wp-has-aspect-ratio"><div class="wp-block-embed__wrapper">
<iframe title="Plastik Attack : un collectif contre le plastique" width="960" height="540" src="https://www.youtube.com/embed/sfkow8WE8js?feature=oembed" frameborder="0" allow="accelerometer; autoplay; clipboard-write; encrypted-media; gyroscope; picture-in-picture" allowfullscreen></iframe>
</div></figure>



<p><strong>Arte – Xenius&nbsp;:&nbsp;</strong></p>



<figure class="wp-block-embed is-type-video is-provider-youtube wp-block-embed-youtube wp-embed-aspect-16-9 wp-has-aspect-ratio"><div class="wp-block-embed__wrapper">
<iframe title="PLASTIC ATTACK - Avec XENIUS (Arte) -" width="960" height="540" src="https://www.youtube.com/embed/nFCXVY1wLSA?feature=oembed" frameborder="0" allow="accelerometer; autoplay; clipboard-write; encrypted-media; gyroscope; picture-in-picture" allowfullscreen></iframe>
</div></figure>



<p><strong>France Occitanie&nbsp;: Journal 19h&nbsp;:</strong></p>



<figure class="wp-block-embed is-type-video is-provider-youtube wp-block-embed-youtube wp-embed-aspect-16-9 wp-has-aspect-ratio"><div class="wp-block-embed__wrapper">
<iframe title="&quot;Plastic attack&quot; dans un hypermarché de la périphérie de Toulouse" width="960" height="540" src="https://www.youtube.com/embed/2uCEiRJj1L4?feature=oembed" frameborder="0" allow="accelerometer; autoplay; clipboard-write; encrypted-media; gyroscope; picture-in-picture" allowfullscreen></iframe>
</div></figure>



<p><strong>France 3 Hauts-de-France&nbsp;:&nbsp;</strong></p>



<figure class="wp-block-embed is-type-video is-provider-youtube wp-block-embed-youtube wp-embed-aspect-16-9 wp-has-aspect-ratio"><div class="wp-block-embed__wrapper">
<iframe title="Marcq-en-Baroeul : des militants écologistes mènent une action anti-plastique dans un supermarché" width="960" height="540" src="https://www.youtube.com/embed/wzwhtF9CLt0?feature=oembed" frameborder="0" allow="accelerometer; autoplay; clipboard-write; encrypted-media; gyroscope; picture-in-picture" allowfullscreen></iframe>
</div></figure>



<p><strong>TV7&nbsp;:</strong></p>



<figure class="wp-block-embed is-type-video is-provider-youtube wp-block-embed-youtube wp-embed-aspect-16-9 wp-has-aspect-ratio"><div class="wp-block-embed__wrapper">
<iframe title="SO Invité   Plastic attack  stop aux emballages inutiles" width="960" height="540" src="https://www.youtube.com/embed/uSwhKooJVQs?feature=oembed" frameborder="0" allow="accelerometer; autoplay; clipboard-write; encrypted-media; gyroscope; picture-in-picture" allowfullscreen></iframe>
</div></figure>



<p><strong>Articles&nbsp;:</strong></p>



<p><strong>Le Monde&nbsp;:&nbsp;</strong></p>



<p><a href="https://www.lemonde.fr/planete/article/2018/06/01/contre-l-utilisation-abusive-de-plastique-les-plastic-attacks-arrivent-en-france_5308296_3244.html">https://www.lemonde.fr/planete/article/2018/06/01/contre-l-utilisation-abusive-de-plastique-les-plastic-attacks-arrivent-en-france_5308296_3244.html</a></p>



<p><strong>Libération&nbsp;:</strong></p>



<p><a href="https://www.liberation.fr/france/2018/05/17/une-plastic-attack-pour-lutter-contre-les-emballages-inutiles_1649885/">https://www.liberation.fr/france/2018/05/17/une-plastic-attack-pour-lutter-contre-les-emballages-inutiles_1649885/</a></p>



<p><strong>Le Figaro&nbsp;:</strong></p>



<p><a href="https://www.lefigaro.fr/conso/2018/06/02/20010-20180602ARTFIG00075-la-france-vit-sa-premiere-plastic-attack-contre-le-suremballage.php">https://www.lefigaro.fr/conso/2018/06/02/20010-20180602ARTFIG00075-la-france-vit-sa-premiere-plastic-attack-contre-le-suremballage.php</a></p>



<p><strong>Le Parisien&nbsp;:</strong></p>



<p><a href="https://www.leparisien.fr/societe/plastic-attack-des-actions-contre-les-emballages-plastiques-dans-les-supermarches-02-06-2018-7749126.php">https://www.leparisien.fr/societe/plastic-attack-des-actions-contre-les-emballages-plastiques-dans-les-supermarches-02-06-2018-7749126.php</a></p>



<p><strong>La Croix&nbsp;:&nbsp;</strong></p>



<p><a href="https://www.la-croix.com/Sciences-et-ethique/Environnement/plastic-attack-contre-trop-plein-demballages-2018-06-02-1200943938">https://www.la-croix.com/Sciences-et-ethique/Environnement/plastic-attack-contre-trop-plein-demballages-2018-06-02-1200943938</a></p>



<p><strong>VSD&nbsp;:</strong></p>



<p><a href="https://vsd.fr/actualite/24434-plastic-attack-paris-pris-dassaut-par-les-opposants-au-suremballage-video-25615">https://vsd.fr/actualite/24434-plastic-attack-paris-pris-dassaut-par-les-opposants-au-suremballage-video-25615</a></p>



<p><strong>Geo&nbsp;:</strong></p>



<p><a href="https://www.geo.fr/environnement/une-plastic-attack-contre-le-trop-plein-d-emballages-189198">https://www.geo.fr/environnement/une-plastic-attack-contre-le-trop-plein-d-emballages-189198</a></p>

<p>Vidéos&nbsp;: France 2 &#8211; Journal 13h&nbsp;: France 3 &#8211; Journal 19-20&nbsp;: BFM TV&nbsp;: TV5 Monde&nbsp;– Journal International : Arte – Xenius&nbsp;:&nbsp; France Occitanie&nbsp;: Journal 19h&nbsp;: France 3 Hauts-de-France&nbsp;:&nbsp; TV7&nbsp;: Articles&nbsp;: Le Monde&nbsp;:&nbsp; https://www.lemonde.fr/planete/article/2018/06/01/contre-l-utilisation-abusive-de-plastique-les-plastic-attacks-arrivent-en-france_5308296_3244.html Libération&nbsp;: https://www.liberation.fr/france/2018/05/17/une-plastic-attack-pour-lutter-contre-les-emballages-inutiles_1649885/ Le Figaro&nbsp;: https://www.lefigaro.fr/conso/2018/06/02/20010-20180602ARTFIG00075-la-france-vit-sa-premiere-plastic-attack-contre-le-suremballage.php Le Parisien&nbsp;: https://www.leparisien.fr/societe/plastic-attack-des-actions-contre-les-emballages-plastiques-dans-les-supermarches-02-06-2018-7749126.php La Croix&nbsp;:&nbsp; https://www.la-croix.com/Sciences-et-ethique/Environnement/plastic-attack-contre-trop-plein-demballages-2018-06-02-1200943938 VSD&nbsp;: https://vsd.fr/actualite/24434-plastic-attack-paris-pris-dassaut-par-les-opposants-au-suremballage-video-25615 Geo&nbsp;: https://www.geo.fr/environnement/une-plastic-attack-contre-le-trop-plein-d-emballages-189198</p>
