{"id":106,"date":"2021-04-18T19:10:28","date_gmt":"2021-04-18T19:10:28","guid":{"rendered":"https:\/\/plasticattackfrance.org\/?page_id=106"},"modified":"2021-04-23T21:11:00","modified_gmt":"2021-04-23T21:11:00","slug":"organiser-une-plastic-attack","status":"publish","type":"page","link":"https:\/\/plasticattackfrance.org\/?page_id=106","title":{"rendered":"Organiser une Plastic attack"},"content":{"rendered":"\n<p><strong>Qu\u2019est-ce qu\u2019une&nbsp;<em>Plastic Attack<\/em>&nbsp;?<\/strong><\/p>\n\n\n\n<p>L\u2019action \u201c<em>Plastic Attack\u201d<\/em>&nbsp;est une op\u00e9ration citoyenne pacifique, r\u00e9alis\u00e9e avec l\u2019accord des magasins, qui consiste \u00e0 sensibiliser et \u00ab d\u00e9plastifier \u00bb les clients pr\u00e9sents sur place. Nous invitons les clients des supermarch\u00e9s \u00e0 laisser leurs emballages inutiles sur place, dans un but de sensibilisation \u00e0 la r\u00e9duction des d\u00e9chets, en mettant en lumi\u00e8re des gestes simples du quotidien afin de r\u00e9duire notre production de d\u00e9chets.<\/p>\n\n\n\n<p>T\u00e9l\u00e9charger notre guide pour organiser une Plastic Attack ici.<\/p>\n\n\n\n<p>Besoin d\u2019aide\u00a0? Vous pouvez rejoindre notre groupe d\u2019entraide Facebook ici\u00a0: <a href=\"https:\/\/www.facebook.com\/groups\/202673233864258\/\">https:\/\/www.facebook.com\/groups\/202673233864258\/<\/a><\/p>\n\n\n\n<p><strong>Je fais mes courses en supermarch\u00e9, est-ce que je peux faire une\u00a0<em>Plastic Attack<\/em>\u00a0\u00e0 chaque passage ?<\/strong><\/p>\n\n\n\n<p>Oui, selon la loi Grenelle II, &nbsp;(<em>cf.<\/em>&nbsp;LOI n\u00b0 2010-788 du 12 juillet 2010 portant engagement national pour l\u2019environnement \u2013 Article 199&nbsp;<a href=\"https:\/\/bit.ly\/2xyBXiF?fbclid=IwAR209VT3zc62xLVOhC9x6bV41T2e8r64n9CawOqyfveJVSFYqS24iDzPEYg\" target=\"_blank\" rel=\"noreferrer noopener\">https:\/\/bit.ly\/2xyBXiF<\/a>)<\/p>\n","protected":false},"excerpt":{"rendered":"<p>Qu\u2019est-ce qu\u2019une&nbsp;Plastic Attack&nbsp;? L\u2019action \u201cPlastic Attack\u201d&nbsp;est une op\u00e9ration citoyenne pacifique, r\u00e9alis\u00e9e avec l\u2019accord des magasins, qui consiste \u00e0 sensibiliser et \u00ab d\u00e9plastifier \u00bb les clients pr\u00e9sents sur place. Nous invitons les clients des supermarch\u00e9s \u00e0 laisser leurs emballages inutiles sur place, dans un but de sensibilisation \u00e0 la r\u00e9duction des d\u00e9chets, en mettant en lumi\u00e8re des gestes simples du quotidien afin de r\u00e9duire notre production de d\u00e9chets. T\u00e9l\u00e9charger notre guide pour organiser une Plastic Attack ici. Besoin d\u2019aide\u00a0? Vous pouvez rejoindre notre groupe d\u2019entraide Facebook ici\u00a0: https:\/\/www.facebook.com\/groups\/202673233864258\/ Je fais mes courses en supermarch\u00e9, est-ce que je peux faire une\u00a0Plastic Attack\u00a0\u00e0 chaque passage ? Oui, selon la loi Grenelle II, &nbsp;(cf.&nbsp;LOI n\u00b0 2010-788 du 12 juillet 2010 portant engagement national pour l\u2019environnement \u2013 Article 199&nbsp;https:\/\/bit.ly\/2xyBXiF)<\/p>\n","protected":false},"author":1,"featured_media":0,"parent":0,"menu_order":3,"comment_status":"closed","ping_status":"closed","template":"","meta":{"_monsterinsights_skip_tracking":false,"_monsterinsights_sitenote_active":false,"_monsterinsights_sitenote_note":"","_monsterinsights_sitenote_category":0,"footnotes":""},"class_list":["post-106","page","type-page","status-publish","hentry"],"_links":{"self":[{"href":"https:\/\/plasticattackfrance.org\/index.php?rest_route=\/wp\/v2\/pages\/106","targetHints":{"allow":["GET"]}}],"collection":[{"href":"https:\/\/plasticattackfrance.org\/index.php?rest_route=\/wp\/v2\/pages"}],"about":[{"href":"https:\/\/plasticattackfrance.org\/index.php?rest_route=\/wp\/v2\/types\/page"}],"author":[{"embeddable":true,"href":"https:\/\/plasticattackfrance.org\/index.php?rest_route=\/wp\/v2\/users\/1"}],"replies":[{"embeddable":true,"href":"https:\/\/plasticattackfrance.org\/index.php?rest_route=%2Fwp%2Fv2%2Fcomments&post=106"}],"version-history":[{"count":3,"href":"https:\/\/plasticattackfrance.org\/index.php?rest_route=\/wp\/v2\/pages\/106\/revisions"}],"predecessor-version":[{"id":1026,"href":"https:\/\/plasticattackfrance.org\/index.php?rest_route=\/wp\/v2\/pages\/106\/revisions\/1026"}],"wp:attachment":[{"href":"https:\/\/plasticattackfrance.org\/index.php?rest_route=%2Fwp%2Fv2%2Fmedia&parent=106"}],"curies":[{"name":"wp","href":"https:\/\/api.w.org\/{rel}","templated":true}]}}

<p><strong>Qu’est-ce qu’une&nbsp;<em>Plastic Attack</em>&nbsp;?</strong></p>



<p>L’action “<em>Plastic Attack”</em>&nbsp;est une opération citoyenne pacifique, réalisée avec l’accord des magasins, qui consiste à sensibiliser et « déplastifier » les clients présents sur place. Nous invitons les clients des supermarchés à laisser leurs emballages inutiles sur place, dans un but de sensibilisation à la réduction des déchets, en mettant en lumière des gestes simples du quotidien afin de réduire notre production de déchets.</p>



<p>Télécharger notre guide pour organiser une Plastic Attack ici.</p>



<p>Besoin d’aide ? Vous pouvez rejoindre notre groupe d’entraide Facebook ici : <a href="https://www.facebook.com/groups/202673233864258/">https://www.facebook.com/groups/202673233864258/</a></p>



<p><strong>Je fais mes courses en supermarché, est-ce que je peux faire une <em>Plastic Attack</em> à chaque passage ?</strong></p>



<p>Oui, selon la loi Grenelle II, &nbsp;(<em>cf.</em>&nbsp;LOI n° 2010-788 du 12 juillet 2010 portant engagement national pour l’environnement – Article 199&nbsp;<a href="https://bit.ly/2xyBXiF?fbclid=IwAR209VT3zc62xLVOhC9x6bV41T2e8r64n9CawOqyfveJVSFYqS24iDzPEYg" target="_blank" rel="noreferrer noopener">https://bit.ly/2xyBXiF</a>)</p>

<p>Qu’est-ce qu’une&nbsp;Plastic Attack&nbsp;? L’action “Plastic Attack”&nbsp;est une opération citoyenne pacifique, réalisée avec l’accord des magasins, qui consiste à sensibiliser et « déplastifier » les clients présents sur place. Nous invitons les clients des supermarchés à laisser leurs emballages inutiles sur place, dans un but de sensibilisation à la réduction des déchets, en mettant en lumière des gestes simples du quotidien afin de réduire notre production de déchets. Télécharger notre guide pour organiser une Plastic Attack ici. Besoin d’aide ? Vous pouvez rejoindre notre groupe d’entraide Facebook ici : https://www.facebook.com/groups/202673233864258/ Je fais mes courses en supermarché, est-ce que je peux faire une Plastic Attack à chaque passage ? Oui, selon la loi Grenelle II, &nbsp;(cf.&nbsp;LOI n° 2010-788 du 12 juillet 2010 portant engagement national pour l’environnement – Article 199&nbsp;https://bit.ly/2xyBXiF)</p>
