{"id":100,"date":"2021-04-18T19:05:48","date_gmt":"2021-04-18T19:05:48","guid":{"rendered":"https:\/\/plasticattackfrance.org\/?page_id=100"},"modified":"2021-04-26T08:46:03","modified_gmt":"2021-04-26T08:46:03","slug":"la-pollution-plastique","status":"publish","type":"page","link":"https:\/\/plasticattackfrance.org\/?page_id=100","title":{"rendered":"La pollution plastique"},"content":{"rendered":"<style>.wp-block-kadence-spacer.kt-block-spacer-_424ed9-91 .kt-block-spacer{height:60px;}.wp-block-kadence-spacer.kt-block-spacer-_424ed9-91 .kt-divider{border-top-width:1px;height:1px;border-top-color:#eee;width:80%;border-top-style:solid;}<\/style>\n<div class=\"wp-block-kadence-spacer aligncenter kt-block-spacer-_424ed9-91\"><div class=\"kt-block-spacer kt-block-spacer-halign-center\" style=\"height:60px\"><hr class=\"kt-divider\" style=\"border-top-color:rgba(238, 238, 238, 1);border-top-width:1px;width:80%;border-top-style:solid\"\/><\/div><\/div>\n\n\n\n<h3 class=\"wp-block-heading\">Un poison nomm\u00e9 plastique<\/h3>\n\n\n\n<p>Le plastique, cet envahisseur parfois visible, est souvent invisible. Port\u00e9 au gr\u00e9 des vents, des pluies, des courants, il constitue une pollution sans fronti\u00e8res, si bien que certains scientifiques parlent d\u00e9sormais de \u00ab\u00a0plastosph\u00e8re\u00a0\u00bb.<\/p>\n\n\n\n<p>Depuis 1950, nous avons produit 8,3 milliards de tonnes de plastique, dont 6,3 milliards actuellement dans la nature ou stock\u00e9s dans des d\u00e9charges.<\/p>\n\n\n\n<p>Malgr\u00e9\u0301 cela, la production mondiale est en perp\u00e9tuelle augmentation. La situation devrait s\u2019aggraver encore car depuis 2010 de grands groupes g\u00e9rant les combustibles fossiles (comme Exxon et Shell) investissent massivement dans de nouveaux projets qui pourraient contribuer \u00e0 une augmentation de la production de plastique de 40 % dans les dix prochaines ann\u00e9es !<\/p>\n\n\n\n<p>La France a, quant \u00e0 elle, affich\u00e9 une augmentation de 7,8 % entre 2016 et 2017 ; pr\u00e8s de la moiti\u00e9 de sa production sert \u00e0 l\u2019emballage.<\/p>\n\n\n\n<p>Notons au passage l\u2019ironie de l\u2019usage que nous faisons de cette mati\u00e8re \u00ab\u00a0durable\u00a0\u00bb mettant des centaines voire des milliers d\u2019ann\u00e9es \u00e0 se d\u00e9grader, et que nous utilisons pourtant \u00e0 outrance en tant que \u00ab\u00a0jetable\u00a0\u00bb.<\/p>\n\n\n\n<p>Les causes de cette invasion plastique dans notre environnement sont diverses. La mauvaise gestion des d\u00e9chets fuitant dans la nature en est une.<\/p>\n\n\n\n<p><em><strong>ON ESTIME \u00c0 8 MILLIONS DE TONNES DE PLASTIQUE D\u00c9VERS\u00c9 CHAQUE ANN\u00c9E DANS LES OC\u00c9ANS, SOIT L\u2019\u00c9QUIVALENT D\u2019UN CAMION BENNE DE PLASTIQUE&#8230; PAR MINUTE !<\/strong><br><\/em><\/p>\n\n\n\n<p>Ces fuites alimentent les \u00ab\u00a0continents en plastique\u00a0\u00bb (appel\u00e9s \u00ab\u00a0gyres\u00a0\u00bb ou \u00ab\u00a0vortex\u00a0\u00bb), des amas de d\u00e9chets flottants formant une \u00ab\u00a0soupe de plastique\u00a0\u00bb. Ils sont devenus l\u2019\u00e9tendard de la pollution end\u00e9mique oc\u00e9anique ; ils ne sont pourtant que le sommet visible de l\u2019iceberg. En effet, ils ne repr\u00e9sentent que 1 % de la pollution plastique.<\/p>\n\n\n\n<h3 class=\"wp-block-heading\">Une catastrophe \u00ab\u00a0invisible\u00a0\u00bb<\/h3>\n\n\n\n<p>Les micro et nanoparticules se logent partout et sont une catastrophe pour l\u2019environnement, modifiant et asphyxiant les \u00e9cosyst\u00e8mes, impactant notamment le plancton. Ceci est pr\u00e9occupant car les oc\u00e9ans constituent le \u00ab\u00a0deuxi\u00e8me poumon\u00a0\u00bb de la plan\u00e8te, puisqu\u2019ils fournissent 50 % de l\u2019oxyg\u00e8ne terrestre.<\/p>\n\n\n\n<p>Il existe des <strong>micro-plastiques dits \u00ab\u00a0primaires\u00a0\u00bb, <\/strong>qui sont directement fabriqu\u00e9s \u00e0 cette taille ; vous en consommez peut- \u00eatre sans le savoir. En effet, ils sont ajout\u00e9s sciemment par les industriels dans de nombreux produits d\u2019usage quotidien comme les d\u00e9tergents (lessives), les cosm\u00e9tiques (cr\u00e8mes, shampooings, dentifrices, etc.). De plus ils transitent par nos canalisations via les eaux us\u00e9es et finissent indubitablement leur course dans l\u2019environnement.<\/p>\n\n\n\n<p>Les <strong>micro-plastiques secondaires <\/strong>se forment par la d\u00e9gradation de d\u00e9chets plus grands (bouteilles, sacs, filets, etc.) sous les effets des UV, des micro-organismes ou par friction m\u00e9canique (par exemple, les fibres lib\u00e9r\u00e9es par les v\u00eatements synth\u00e9tiques lors des lavages).<\/p>\n\n\n\n<p>Cons\u00e9quence de cette omnipr\u00e9sence dans notre environnement : nous consommons du plastique quotidiennement via l\u2019eau que nous buvons (l\u2019eau en bouteille \u00e9tant en t\u00eate), les poissons, les fruits de mer ou encore la bi\u00e8re, le sel, le miel, etc. D\u2019apr\u00e8s une \u00e9tude du WWF, nous ing\u00e9rons jusqu\u2019\u00e0 5 g de plastique par semaine, ce qui \u00e9quivaut au poids d\u2019une carte de cr\u00e9dit !<\/p>\n\n\n\n<h3 class=\"wp-block-heading\">Des effets d\u00e9sastreux sur notre sant\u00e9&#8230;<\/h3>\n\n\n\n<p>Nous ne connaissons pour le moment pas exactement les effets sur la sant\u00e9, mais les \u00e9tudes r\u00e9alis\u00e9es sur d\u2019autres esp\u00e8ces animales s\u2019av\u00e8rent plus que pr\u00e9occupantes.<\/p>\n\n\n\n<p>Les micro-plastiques peuvent \u00eatre source d\u2019exposition \u00e0 des substances perturbant les cycles hormonaux (par exemple, les phtalates et autres bisph\u00e9nols utilis\u00e9s dans la fabrication des plastiques sont des perturbateurs endocriniens).<\/p>\n\n\n\n<p>Par mesure de pr\u00e9caution, il est d\u00e9conseill\u00e9 de r\u00e9chauffer les aliments ou de conserver les aliments gras dans des contenants en plastique, car cela favorise la migration des produits chimiques issus des plastiques.<\/p>\n\n\n\n<p>La pollution plastique est une pand\u00e9mie mondiale, un d\u00e9sastre environnemental et sanitaire constituant une bombe \u00e0 retardement dont nous commen\u00e7ons \u00e0 peine \u00e0 mesurer l\u2019ampleur.<\/p>\n\n\n\n<p>Les plastiques et leur cocktail de chimie sont dangereux \u00e0 bien des \u00e9gards. Ils permettent par exemple aux agents pathog\u00e8nes, comme le chol\u00e9ra, de s\u2019y fixer, pouvant ainsi voyager au gr\u00e9\u0301 des courants marins.<\/p>\n\n\n\n<h3 class=\"wp-block-heading\">&#8230; et pour tout l&rsquo;\u00e9cosyst\u00e8me plan\u00e9taire<\/h3>\n\n\n\n<p>La pollution plastique a aussi un impact d\u00e9vastateur sur les animaux. En effet, elle est responsable de la mort de 1,5 million d\u2019animaux par an (selon l\u2019IRD). Le WWF a recens\u00e9 270 esp\u00e8ces prisonni\u00e8res dans divers d\u00e9bris, dont 240 ayant ing\u00e9r\u00e9 du plastique. On ne compte plus les macabres d\u00e9couvertes, notamment celles de c\u00e9tac\u00e9s retrouv\u00e9s d\u00e9c\u00e9d\u00e9s, l\u2019estomac satur\u00e9 de plastique. Les plastiques constituent des pi\u00e8ges, sont source d\u2019\u00e9touffement ou d\u2019empoisonnement pour les animaux.<\/p>\n\n\n\n<p>Selon Greenpeace, dans le monde, 44 % des esp\u00e8ces d&rsquo;oiseaux, 43 % des mammif\u00e8res marins et 86 % des esp\u00e8ces de tortues marines ont ing\u00e9r\u00e9 du plastique.<\/p>\n\n\n\n<h3 class=\"wp-block-heading\">L\u2019heure est \u00e0 la \u00ab\u00a0d\u00e9plastification\u00a0\u00bb g\u00e9n\u00e9rale<\/h3>\n\n\n\n<p>Les appels jadis lanc\u00e9s par les scientifiques et ONG peinaient \u00e0 faire \u00e9cho. Ils ont enfin \u00e9t\u00e9 entendus !<\/p>\n\n\n\n<p>Ainsi, depuis 2018, nombre de mouvements et actions citoyennes ne cessent de fleurir \u00e0 travers le globe, comme les \u00ab\u00a0Plastic Attack\u00a0\u00bb ou les campagnes de ramassage de d\u00e9chets, notamment.<\/p>\n\n\n\n<p>Les diff\u00e9rents acteurs associatifs, les actions men\u00e9es par la soci\u00e9t\u00e9\u0301 civile et la m\u00e9diatisation de ce probl\u00e8me majeur ont contribu\u00e9\u0301 \u00e0 l\u2019\u00e9veil des consciences, for\u00e7ant les pouvoirs publics \u00e0 r\u00e9agir, bien que les mesures prises soient pour le moment frileuses compte tenu de l\u2019ampleur du probl\u00e8me.<\/p>\n\n\n\n<h3 class=\"wp-block-heading\">Le plastique ne peut pas \u00eatre recycl\u00e9 \u00e0 l\u2019infini<\/h3>\n\n\n\n<p>Qu\u2019on ne se leurre pas, si le recyclage est bienvenu, il n\u2019est aucunement la solution. En effet, le plastique, contrairement au verre, n\u2019est pas recyclable \u00e0 l\u2019infini. Il ralentit donc simplement la mise en d\u00e9charge ou l\u2019incin\u00e9ration des plastiques.<\/p>\n\n\n\n<p>Il convient plus de parler de \u00ab\u00a0d\u00e9cyclage\u00a0\u00bb que de \u00ab\u00a0recyclage\u00a0\u00bb, car il ne s\u2019agit pas d\u2019une boucle ferm\u00e9e. Il ne s\u2019agit aucunement d\u2019une \u00ab\u00a0\u00e9conomie circulaire\u00a0\u00bb comme s\u2019\u00e9poumonent \u00e0 le dire certains.<\/p>\n\n\n\n<p>De plus, le recyclage est \u00e9nergivore, consommateur d\u2019eau et de produits chimiques en tout genre. Comble du comble, le grand public a r\u00e9cemment d\u00e9couvert \u00ab\u00a0le pot aux roses\u00a0\u00bb des d\u00e9chets tri\u00e9s pour le recyclage : les plastiques ayant peu de valeur sont envoy\u00e9s massivement vers les pays \u00e9mergents, constituant un autre scandale environnemental et sanitaire.<\/p>\n\n\n\n<h3 class=\"wp-block-heading\">Des fausses solutions \u00e0 foison<\/h3>\n\n\n\n<p>On voit \u00e0 pr\u00e9sent \u00e9merger un certain nombre d\u2019initiatives \u00e0 travers le monde, qui semblent positives de prime abord mais qui ne r\u00e8glent le probl\u00e8me qu&rsquo;\u00e0 court terme.<\/p>\n\n\n\n<p>Prenons l\u2019exemple des routes faites de plastique. Quand on sait que l\u2019abrasion des pneus est une source majeure de production de micro-plastiques, qu\u2019en sera-t-il de l\u2019abrasion des pneus en plastique sur des routes en plastique ?<\/p>\n\n\n\n<p>Attention aussi aux solutions miracles qui laissent \u00e0 penser que nous pouvons continuer ainsi sans changer nos modes de vie, comme la \u00ab\u00a0solution\u00a0\u00bb de \u00ab\u00a0l\u2019enzyme mangeuse de plastique\u00a0\u00bb !<\/p>\n\n\n\n<p>Gare aussi au \u00ab\u00a0<em>greenwhashing<\/em>\u00a0\u00bb ambiant qui met en avant les plastiques soi-disant \u00ab\u00a0biod\u00e9gradables\u00a0\u00bb et la pl\u00e9thore de \u00ab\u00a0bioplastiques\u00a0\u00bb d&rsquo;origine v\u00e9g\u00e9tale. D\u2019une part la r\u00e9glementation autorise l\u2019ajout de 60 % de p\u00e9trole dans les bioplastiques ; d\u2019autre part, cultiver du bl\u00e9\u0301, du ma\u00efs ou du manioc pour cr\u00e9er des bioplastiques jetables est une h\u00e9r\u00e9sie, car cela entre en concurrence directe avec la production alimentaire humaine.<\/p>\n\n\n\n<h3 class=\"wp-block-heading\">La seule solution p\u00e9renne&nbsp;: produire moins de plastique<\/h3>\n\n\n\n<p>Pour conclure, le meilleur d\u00e9chet sera toujours celui qui ne sera pas produit. Il est grand temps de couper le robinet plastique \u00e0 la source, car 80 % des d\u00e9chets marins sont d\u2019origine terrestre. Il s\u2019agit de la condition <em>sine qua non <\/em>pour que les nettoyages des oc\u00e9ans soient efficaces, sans quoi cela reviendra \u00e0 \u00e9coper un \u00e9vier bouch\u00e9 \u00e0 la petite cuill\u00e8re avec le robinet toujours ouvert !<\/p>\n","protected":false},"excerpt":{"rendered":"<p>Un poison nomm\u00e9 plastique Le plastique, cet envahisseur parfois visible, est souvent invisible. Port\u00e9 au gr\u00e9 des vents, des pluies, des courants, il constitue une pollution sans fronti\u00e8res, si bien que certains scientifiques parlent d\u00e9sormais de \u00ab\u00a0plastosph\u00e8re\u00a0\u00bb. Depuis 1950, nous avons produit 8,3 milliards de tonnes de plastique, dont 6,3 milliards actuellement dans la nature ou stock\u00e9s dans des d\u00e9charges. Malgr\u00e9\u0301 cela, la production mondiale est en perp\u00e9tuelle augmentation. La situation devrait s\u2019aggraver encore car depuis 2010 de grands groupes g\u00e9rant les combustibles fossiles (comme Exxon et Shell) investissent massivement dans de nouveaux projets qui pourraient contribuer \u00e0 une augmentation de la production de plastique de 40 % dans les dix prochaines ann\u00e9es ! La France a, quant \u00e0 elle, affich\u00e9 une augmentation de 7,8 % entre 2016 et 2017 ; pr\u00e8s de la moiti\u00e9 de sa production sert \u00e0 l\u2019emballage. Notons au passage l\u2019ironie de l\u2019usage que nous faisons de cette mati\u00e8re \u00ab\u00a0durable\u00a0\u00bb mettant des centaines voire des milliers d\u2019ann\u00e9es \u00e0 se d\u00e9grader, et que nous utilisons pourtant \u00e0 outrance en tant que \u00ab\u00a0jetable\u00a0\u00bb. Les causes de cette invasion plastique dans notre environnement sont diverses. La mauvaise gestion des d\u00e9chets fuitant dans la nature en est une. ON ESTIME \u00c0 8 MILLIONS DE TONNES DE PLASTIQUE D\u00c9VERS\u00c9 CHAQUE ANN\u00c9E DANS LES OC\u00c9ANS, SOIT L\u2019\u00c9QUIVALENT D\u2019UN CAMION BENNE DE PLASTIQUE&#8230; PAR MINUTE ! Ces fuites alimentent les \u00ab\u00a0continents en plastique\u00a0\u00bb (appel\u00e9s \u00ab\u00a0gyres\u00a0\u00bb ou \u00ab\u00a0vortex\u00a0\u00bb), des amas de d\u00e9chets flottants formant une \u00ab\u00a0soupe de plastique\u00a0\u00bb. Ils sont devenus l\u2019\u00e9tendard de la pollution end\u00e9mique oc\u00e9anique ; ils ne sont pourtant que le sommet visible de l\u2019iceberg. En effet, ils ne repr\u00e9sentent que 1 % de la pollution plastique. Une catastrophe \u00ab\u00a0invisible\u00a0\u00bb Les micro et nanoparticules se logent partout et sont une catastrophe pour l\u2019environnement, modifiant et asphyxiant les \u00e9cosyst\u00e8mes, impactant notamment le plancton. Ceci est pr\u00e9occupant car les oc\u00e9ans constituent le \u00ab\u00a0deuxi\u00e8me poumon\u00a0\u00bb de la plan\u00e8te, puisqu\u2019ils fournissent 50 % de l\u2019oxyg\u00e8ne terrestre. Il existe des micro-plastiques dits \u00ab\u00a0primaires\u00a0\u00bb, qui sont directement fabriqu\u00e9s \u00e0 cette taille ; vous en consommez peut- \u00eatre sans le savoir. En effet, ils sont ajout\u00e9s sciemment par les industriels dans de nombreux produits d\u2019usage quotidien comme les d\u00e9tergents (lessives), les cosm\u00e9tiques (cr\u00e8mes, shampooings, dentifrices, etc.). De plus ils transitent par nos canalisations via les eaux us\u00e9es et finissent indubitablement leur course dans l\u2019environnement. Les micro-plastiques secondaires se forment par la d\u00e9gradation de d\u00e9chets plus grands (bouteilles, sacs, filets, etc.) sous les effets des UV, des micro-organismes ou par friction m\u00e9canique (par exemple, les fibres lib\u00e9r\u00e9es par les v\u00eatements synth\u00e9tiques lors des lavages). Cons\u00e9quence de cette omnipr\u00e9sence dans notre environnement : nous consommons du plastique quotidiennement via l\u2019eau que nous buvons (l\u2019eau en bouteille \u00e9tant en t\u00eate), les poissons, les fruits de mer ou encore la bi\u00e8re, le sel, le miel, etc. D\u2019apr\u00e8s une \u00e9tude du WWF, nous ing\u00e9rons jusqu\u2019\u00e0 5 g de plastique par semaine, ce qui \u00e9quivaut au poids d\u2019une carte de cr\u00e9dit ! Des effets d\u00e9sastreux sur notre sant\u00e9&#8230; Nous ne connaissons pour le moment pas exactement les effets sur la sant\u00e9, mais les \u00e9tudes r\u00e9alis\u00e9es sur d\u2019autres esp\u00e8ces animales s\u2019av\u00e8rent plus que pr\u00e9occupantes. Les micro-plastiques peuvent \u00eatre source d\u2019exposition \u00e0 des substances perturbant les cycles hormonaux (par exemple, les phtalates et autres bisph\u00e9nols utilis\u00e9s dans la fabrication des plastiques sont des perturbateurs endocriniens). Par mesure de pr\u00e9caution, il est d\u00e9conseill\u00e9 de r\u00e9chauffer les aliments ou de conserver les aliments gras dans des contenants en plastique, car cela favorise la migration des produits chimiques issus des plastiques. La pollution plastique est une pand\u00e9mie mondiale, un d\u00e9sastre environnemental et sanitaire constituant une bombe \u00e0 retardement dont nous commen\u00e7ons \u00e0 peine \u00e0 mesurer l\u2019ampleur. Les plastiques et leur cocktail de chimie sont dangereux \u00e0 bien des \u00e9gards. Ils permettent par exemple aux agents pathog\u00e8nes, comme le chol\u00e9ra, de s\u2019y fixer, pouvant ainsi voyager au gr\u00e9\u0301 des courants marins. &#8230; et pour tout l&rsquo;\u00e9cosyst\u00e8me plan\u00e9taire La pollution plastique a aussi un impact d\u00e9vastateur sur les animaux. En effet, elle est responsable de la mort de 1,5 million d\u2019animaux par an (selon l\u2019IRD). Le WWF a recens\u00e9 270 esp\u00e8ces prisonni\u00e8res dans divers d\u00e9bris, dont 240 ayant ing\u00e9r\u00e9 du plastique. On ne compte plus les macabres d\u00e9couvertes, notamment celles de c\u00e9tac\u00e9s retrouv\u00e9s d\u00e9c\u00e9d\u00e9s, l\u2019estomac satur\u00e9 de plastique. Les plastiques constituent des pi\u00e8ges, sont source d\u2019\u00e9touffement ou d\u2019empoisonnement pour les animaux. Selon Greenpeace, dans le monde, 44 % des esp\u00e8ces d&rsquo;oiseaux, 43 % des mammif\u00e8res marins et 86 % des esp\u00e8ces de tortues marines ont ing\u00e9r\u00e9 du plastique. L\u2019heure est \u00e0 la \u00ab\u00a0d\u00e9plastification\u00a0\u00bb g\u00e9n\u00e9rale Les appels jadis lanc\u00e9s par les scientifiques et ONG peinaient \u00e0 faire \u00e9cho. Ils ont enfin \u00e9t\u00e9 entendus ! Ainsi, depuis 2018, nombre de mouvements et actions citoyennes ne cessent de fleurir \u00e0 travers le globe, comme les \u00ab\u00a0Plastic Attack\u00a0\u00bb ou les campagnes de ramassage de d\u00e9chets, notamment. Les diff\u00e9rents acteurs associatifs, les actions men\u00e9es par la soci\u00e9t\u00e9\u0301 civile et la m\u00e9diatisation de ce probl\u00e8me majeur ont contribu\u00e9\u0301 \u00e0 l\u2019\u00e9veil des consciences, for\u00e7ant les pouvoirs publics \u00e0 r\u00e9agir, bien que les mesures prises soient pour le moment frileuses compte tenu de l\u2019ampleur du probl\u00e8me. Le plastique ne peut pas \u00eatre recycl\u00e9 \u00e0 l\u2019infini Qu\u2019on ne se leurre pas, si le recyclage est bienvenu, il n\u2019est aucunement la solution. En effet, le plastique, contrairement au verre, n\u2019est pas recyclable \u00e0 l\u2019infini. Il ralentit donc simplement la mise en d\u00e9charge ou l\u2019incin\u00e9ration des plastiques. Il convient plus de parler de \u00ab\u00a0d\u00e9cyclage\u00a0\u00bb que de \u00ab\u00a0recyclage\u00a0\u00bb, car il ne s\u2019agit pas d\u2019une boucle ferm\u00e9e. Il ne s\u2019agit aucunement d\u2019une \u00ab\u00a0\u00e9conomie circulaire\u00a0\u00bb comme s\u2019\u00e9poumonent \u00e0 le dire certains. De plus, le recyclage est \u00e9nergivore, consommateur d\u2019eau et de produits chimiques en tout genre. Comble du comble, le grand public a r\u00e9cemment d\u00e9couvert \u00ab\u00a0le pot aux roses\u00a0\u00bb des d\u00e9chets tri\u00e9s pour le recyclage : les plastiques ayant peu de valeur sont envoy\u00e9s massivement vers les pays \u00e9mergents, constituant un autre scandale environnemental et sanitaire. Des fausses solutions \u00e0 foison On voit \u00e0 pr\u00e9sent \u00e9merger un certain nombre d\u2019initiatives \u00e0 travers le monde, qui semblent positives de prime abord mais qui ne r\u00e8glent le probl\u00e8me qu&rsquo;\u00e0 court terme. Prenons l\u2019exemple des routes faites de plastique. Quand on sait que l\u2019abrasion des pneus est une source majeure de production de micro-plastiques, qu\u2019en sera-t-il de l\u2019abrasion des pneus en plastique sur des routes en plastique ? Attention aussi aux solutions miracles qui laissent \u00e0 penser que nous pouvons continuer ainsi sans changer nos modes de vie, comme la \u00ab\u00a0solution\u00a0\u00bb de \u00ab\u00a0l\u2019enzyme mangeuse de plastique\u00a0\u00bb ! Gare aussi au \u00ab\u00a0greenwhashing\u00a0\u00bb ambiant qui met en avant les plastiques soi-disant \u00ab\u00a0biod\u00e9gradables\u00a0\u00bb et la pl\u00e9thore de \u00ab\u00a0bioplastiques\u00a0\u00bb d&rsquo;origine v\u00e9g\u00e9tale. D\u2019une part la r\u00e9glementation autorise l\u2019ajout de 60 % de p\u00e9trole dans les bioplastiques ; d\u2019autre part, cultiver du bl\u00e9\u0301, du ma\u00efs ou du manioc pour cr\u00e9er des bioplastiques jetables est une h\u00e9r\u00e9sie, car cela entre en concurrence directe avec la production alimentaire humaine. La seule solution p\u00e9renne&nbsp;: produire moins de plastique Pour conclure, le meilleur d\u00e9chet sera toujours celui qui ne sera pas produit. Il est grand temps de couper le robinet plastique \u00e0 la source, car 80 % des d\u00e9chets marins sont d\u2019origine terrestre. Il s\u2019agit de la condition sine qua non pour que les nettoyages des oc\u00e9ans soient efficaces, sans quoi cela reviendra \u00e0 \u00e9coper un \u00e9vier bouch\u00e9 \u00e0 la petite cuill\u00e8re avec le robinet toujours ouvert !<\/p>\n","protected":false},"author":1,"featured_media":0,"parent":0,"menu_order":2,"comment_status":"closed","ping_status":"closed","template":"","meta":{"_monsterinsights_skip_tracking":false,"_monsterinsights_sitenote_active":false,"_monsterinsights_sitenote_note":"","_monsterinsights_sitenote_category":0,"footnotes":""},"class_list":["post-100","page","type-page","status-publish","hentry"],"_links":{"self":[{"href":"https:\/\/plasticattackfrance.org\/index.php?rest_route=\/wp\/v2\/pages\/100","targetHints":{"allow":["GET"]}}],"collection":[{"href":"https:\/\/plasticattackfrance.org\/index.php?rest_route=\/wp\/v2\/pages"}],"about":[{"href":"https:\/\/plasticattackfrance.org\/index.php?rest_route=\/wp\/v2\/types\/page"}],"author":[{"embeddable":true,"href":"https:\/\/plasticattackfrance.org\/index.php?rest_route=\/wp\/v2\/users\/1"}],"replies":[{"embeddable":true,"href":"https:\/\/plasticattackfrance.org\/index.php?rest_route=%2Fwp%2Fv2%2Fcomments&post=100"}],"version-history":[{"count":18,"href":"https:\/\/plasticattackfrance.org\/index.php?rest_route=\/wp\/v2\/pages\/100\/revisions"}],"predecessor-version":[{"id":1065,"href":"https:\/\/plasticattackfrance.org\/index.php?rest_route=\/wp\/v2\/pages\/100\/revisions\/1065"}],"wp:attachment":[{"href":"https:\/\/plasticattackfrance.org\/index.php?rest_route=%2Fwp%2Fv2%2Fmedia&parent=100"}],"curies":[{"name":"wp","href":"https:\/\/api.w.org\/{rel}","templated":true}]}}